
What is -3452336 (base 8) in base 9?
-1681338
Convert -2825669 (base 10) to base 13.
-77c1c2
Convert -11034032 (base 5) to base 4.
-113132032
72711 (base 15) to base 6
11435124
246380 (base 9) to base 2
100100011000100111
24134210 (base 5) to base 4
312300301
What is -1d11e3 (base 15) in base 10?
-1421313
Convert -44616a (base 15) to base 7.
-36500023
What is 200113 (base 10) in base 5?
22400423
What is -1b63384 (base 12) in base 3?
-102000101011201
What is -151154 (base 7) in base 13?
-10406
256501 (base 7) to base 2
1011101100110011
12155a (base 11) to base 12
9337a
Convert -752189 (base 10) to base 13.
-2044a9
Convert -786822 (base 9) to base 12.
-1a85b5
What is -206357 (base 8) in base 13?
-2544c
What is 267024 (base 8) in base 9?
152488
1bb3 (base 12) to base 10
3447
What is 1601735 (base 8) in base 5?
104202431
421473 (base 8) to base 3
21010011120
Convert 21003012210 (base 4) to base 2.
1001000011000110100100
-101100002000112 (base 3) to base 13
-11a4319
Convert 13bb62 (base 12) to base 8.
1207672
-1210223 (base 7) to base 5
-14410104
13455522 (base 7) to base 4
10303003203
Convert -1605603 (base 8) to base 16.
-70b83
1022201220102 (base 3) to base 11
440539
Convert ca68 (base 15) to base 14.
11888
Convert 7b456 (base 13) to base 11.
143a21
What is -2145710 (base 8) in base 10?
-576456
What is -83808 (base 11) in base 2?
-11101110011110001
What is b97247 (base 16) in base 4?
232113021013
What is 114120254 (base 7) in base 12?
2455752
What is 111010111011111111011 (base 2) in base 14?
383b51
Convert -45265 (base 16) to base 11.
-183889
112064 (base 10) to base 8
332700
-10100310031 (base 4) to base 12
-45a811
Convert 12011110221121 (base 3) to base 6.
134502024
What is -1323320041 (base 5) in base 4?
-30233020103
Convert 1001221101012 (base 4) to base 14.
23dd3ca
3d889 (base 14) to base 15
3033e
33010020332 (base 4) to base 2
1111000100001000111110
What is -1a6670 (base 12) in base 8?
-1621064
What is -24a3894 (base 13) in base 7?
-166113541
Convert 888577 (base 12) to base 3.
11002022022001
-342336 (base 7) to base 9
-102460
What is 1772145 (base 8) in base 6?
15101301
What is -770a0 (base 13) in base 4?
-310212030
Convert -1b1530 (base 14) to base 8.
-3533106
3403223 (base 5) to base 3
10001001022
Convert 845070 (base 10) to base 8.
3162416
What is 147a79 (base 12) in base 6?
11223033
What is -1011011010111000111000 (base 2) in base 14?
-57d012
Convert -c3b61 (base 14) to base 12.
-1a8a09
What is -68b72 (base 13) in base 15?
-3b864
What is -15036c (base 14) in base 8?
-2622734
What is 64507 (base 16) in base 13?
115039
What is -42577 (base 11) in base 2?
-1111000111011011
Convert 375428 (base 9) to base 3.
102112110222
100001111110010000010 (base 2) to base 13
2cc912
What is -103050 (base 6) in base 13?
-3b04
What is -10211012022221 (base 3) in base 2?
-111101111111010000011
What is dadab (base 16) in base 9?
1615600
Convert -63412 (base 8) to base 16.
-670a
Convert 40122000 (base 5) to base 8.
1153305
Convert 438876 (base 15) to base 14.
5dabb8
-2d6d8 (base 15) to base 7
-1150430
What is 1210020002021 (base 3) in base 9?
1706067
-3102142114 (base 5) to base 14
-b9934b
What is 5a16 (base 13) in base 11?
95a0
-cf8f1 (base 16) to base 4
-3033203301
What is 1112022122112 (base 3) in base 8?
3064374
2100022201000 (base 3) to base 16
1304a6
Convert 211223131120 (base 4) to base 13.
207aaa1
What is -215101213 (base 7) in base 8?
-61335670
Convert -1872337 (base 9) to base 12.
-428607
What is -3132650 (base 7) in base 12?
-162898
What is 2ca3137 (base 13) in base 12?
49a6292
Convert 35318 (base 13) to base 6.
2025552
-11000100111011000100 (base 2) to base 12
-32a944
Convert -15314 (base 6) to base 11.
-1968
-26852a1 (base 11) to base 15
-617d94
c7aaa (base 15) to base 8
2325277
What is 1144537 (base 15) in base 10?
12367177
Convert -133c5c (base 15) to base 13.
-264855
-1ce9b5 (base 15) to base 6
-50205012
Convert 30ce6 (base 15) to base 12.
756b3
-2223323023 (base 4) to base 14
-1448c3
What is -3421712 (base 9) in base 12?
-74b818
What is -47911 (base 10) in base 14?
-13663
Convert -496858 (base 10) to base 5.
-111344413
Convert 1102201011202 (base 3) to base 4.
2322001031
-433525 (base 7) to base 4
-102133030
What is -100101100110011001011000 (base 2) in base 3?
-200112202201021
Convert -2c4596 (base 13) to base 5.
-240020244
d7029 (base 15) to base 14
13a673
14dd9 (base 14) to base 7
304662
Convert 4b0681 (base 12) to base 16.
12aec1
Convert 81a13 (base 13) to base 3.
102210210002
What is 12001220120 (base 3) in base 10?
99807
56a80 (base 15) to base 13
98682
What is 31112320221 (base 4) in base 14?
67214d
-5540056 (base 7) to base 3
-1021122102111
What is 1417114 (base 8) in base 7?
3260005
What is -250206 (base 8) in base 2?
-10101000010000110
What is 8d265d (base 14) in base 15?
64ec32
Convert 96625 (base 12) to base 14.
52189
10432702 (base 11) to base 7
333342230
What is 79a23 (base 11) in base 16?
1c3f5
Convert -299265 (base 12) to base 7.
-5644262
What is 9064 (base 12) in base 2?
11110100001100
What is 990096 (base 12) in base 15?
32dd36
Convert -110a78d (base 14) to base 9.
-16210025
What is 3005441 (base 10) in base 16?
2ddc01
102e3c (base 15) to base 11
486013
Convert -5807cb (base 13) to base 3.
-10220222212111
Convert 3688834 (base 10) to base 13.
9c2056
What is -2869a (base 14) in base 2?
-11000011100000000
7a1578 (base 15) to base 5
2442421423
What is 1121112010022 (base 3) in base 4?
3101021120
What is 3158548 (base 9) in base 11?
a56629
2ab74 (base 14) to base 5
11402110
Convert 12b905 (base 16) to base 3.
2022100010221
Convert -641821 (base 11) to base 5.
-230332232
Convert -3d8c3 (base 14) to base 15.
-30374
5171451 (base 8) to base 11
858594
What is -1032363 (base 7) in base 13?
-452c7
What is -35d13 (base 14) in base 3?
-20200102121
Convert -1100101011000010110000 (base 2) to base 12.
-1142580
What is 24cb8 (base 16) in base 7?
1165252
Convert 33033231 (base 4) to base 10.
62445
What is -12022200120210 (base 3) in base 9?
-5280523
Convert 30354533 (base 7) to base 10.
2534696
221121020010 (base 3) to base 9
847203
-323310200 (base 4) to base 13
-876b0
What is 104759 (base 12) in base 13?
8cb86
10000020010102 (base 3) to base 11
9a2215
-55214 (base 10) to base 9
-83658
Convert 10289906 (base 10) to base 4.
213100023302
646994 (base 10) to base 6
21511202
Convert -1100101111111101011101 (base 2) to base 15.
-460418
-12a121 (base 14) to base 10
-642321
-99173 (base 10) to base 9
-161032
Convert -1a02b3 (base 15) to base 14.
-24d65d
-ac892 (base 15) to base 7
-4443446
c25a2 (base 14) to base 15
93837
Convert -c5937 (base 16) to base 10.
-809271
-3421340 (base 5) to base 2
-1110110110101101
5ebd9 (base 15) to base 13
a7c2b
What is -2453051 (base 6) in base 7?
-1055413
1110000000111110001 (base 2) to base 13
13105b
723045 (base 10) to base 9
1321743
What is 102102202221111 (base 3) in base 13?
134a442
Convert -6566310 (base 7) to base 2.
-11000100111010010011
3306146 (base 7) to base 15
8023e
What is -1b8070 (base 14) in base 8?
-3576662
Convert -1142520 (base 6) to base 14.
-17d4c
Convert 1003212332 (base 5) to base 12.
809701
Convert 170325 (base 9) to base 2.
11001101100011010
Convert 241134004 (base 5) to base 6.
35521251
634511 (base 9) to base 14
9b708
1db93 (base 16) to base 8
355623
What is 148600 (base 9) in base 15?
1c226
d4744 (base 16) to base 13
246125
3795298 (base 10) to base 5
1432422143
Convert 2667455 (base 9) to base 5.
333241034
Convert 11021140 (base 7) to base 15.
13a644
Convert -2465123 (base 7) to base 12.
-134535
2711012 (base 11) to base 5
2144431324
Convert 16724 (base 14) to base 10.
56284
What is 148651b (base 13) in base 2?
11001000000001110011000
Convert -34498 (base 15) to base 10.
-166418
Convert 12110022222012 (base 3) to base 5.
1220244230
2283314 (base 9) to base 8
4555707
What is 240421303 (base 5) in base 8?
4163367
What is 48e21b (base 15) in base 5?
1343141401
-1718447 (base 10) to base 16
-1a38af
-1113814 (base 11) to base 8
-7344745
What is -14730 (base 12) in base 10?
-28692
Convert 104429 (base 10) to base 2.
11001011111101101
Convert 12a8d (base 16) to base 15.
179a4
-111011010011111011000101 (base 2) to base 10
-15548101
Convert -9075 (base 12) to base 7.
-63413
103321101 (